 + ((-224)/(-12)*6 - 1) is divided by t.
15
Let o(v) = 18*v + 1211. Calculate the remainder when 456 is divided by o(-67).
1
Suppose 4*k = -83 + 323. Calculate the remainder when (-1 + 9)*(((-2596)/8)/11)/(-1) is divided by k.
56
Suppose 4*w = -5*z + 1167, -3*w + w + 1171 = 5*z. What is the remainder when z is divided by (9 - 0 - 15)/((-72)/168)?
11
Let r(w) = 2*w**2 + 89*w - 1269. Calculate the remainder when 183 is divided by r(12).
9
Calculate the remainder when 358 is divided by (9/180)/((-7)/14) - (-1241)/10.
110
Let q(u) = u**3 + 20*u**2 + 688. Calculate the remainder when 6417 is divided by q(-21).
242
Let z = 10545 + -6363. What is the remainder when z is divided by 4?
2
Suppose -152 = 10*z - 1092. Let i = 24 + -8. Calculate the remainder when z is divided by i.
14
Let u = -59 - -32. Let l be u/(((-12)/(-4))/(-21)). Suppose 0 = -2*a + 3*t + 189, -l = -5*a + 5*t + 296. What is the remainder when a is divided by 52?
50
What is the remainder when (-941)/(-3)*4 + 90/(-54) + -1 is divided by 17?
11
Let f(n) = 4*n + 24. Let r be f(16). Suppose 3*z = z + r. Let m(v) = -v + 22. Calculate the remainder when z is divided by m(7).
14
Suppose 5*g + 64 = j, -g + 2*g + 150 = 3*j. Suppose 0 = 2*o + j*o - 918. Suppose 2*b - 30 = -b. Calculate the remainder when o is divided by b.
8
Let w = -96 + 144. Calculate the remainder when 20351 is divided by w.
47
Let j(a) = -3*a**2 + 30*a - 54. Let b(i) = -2*i**2 - i. Let v(o) = 2*b(o) - j(o). Calculate the remainder when v(-17) is divided by 39.
36
Let c(s) = -s + 1. Let w be c(-1). Let l(q) = -3 - q**2 + q**w + 6 - q**2 + 9*q. What is the remainder when 17 is divided by l(8)?
6
Let m = -235 - -235. Suppose h + x + 11 = 3*h, -3*h + 3*x + 12 = m. What is the remainder when (-1 - 0)/((-11)/286) is divided by h?
5
Suppose 0 = -5*l + 26 - 16. Suppose -10 = -5*o + l*d, -2*d + 6*d - 36 = -4*o. Calculate the remainder when 41 is divided by o.
1
Let h(k) = k**2 - 7*k + 1. Let j be h(7). Suppose 15 = y + 4*i, 4*y - 4*i = j + 59. Calculate the remainder when 39 is divided by y.
9
Calculate the remainder when (-2)/41 + 15749440/7298 is divided by 80.
78
Suppose 3*b + 5*z - 394 = 0, 181 - 829 = -5*b - 4*z. Calculate the remainder when b is divided by (-4)/(-4) + 42 + -2 + -2.
11
Suppose 8*w - 2124 = -2*g, -72*g + 74*g = 2*w - 556. Calculate the remainder when w is divided by ((-9)/(-4))/(1/8).
16
Let g(i) = -i**3 + 10*i**2 - 2*i + 330. Calculate the remainder when 3314 is divided by g(0).
14
Let m = -267 + 579. What is the remainder when m is divided by 105?
102
Let i(l) = 49*l + 1. Calculate the remainder when i(1) is divided by -1 - 39/78*-30.
8
Let n(u) = -3*u. Let i(h) = 7*h - 65. Let j(b) = -i(b) - 3*n(b). Calculate the remainder when 48 is divided by j(-27).
4
Suppose -10337 = 12*j - 10577. Calculate the remainder when 1294 is divided by j.
14
Suppose -5*o = -4*m + 19, 5*o - 48 = -3*m + 2*o. Let q be 33 + 20/5 - -3. Suppose b - 3*b = -q. Calculate the remainder when b is divided by m.
9
Let l = -2527 + 2572. Calculate the remainder when 203 is divided by l.
23
Suppose 2*f + 2*m - 120 = -24, -6*m = f - 38. Let g(y) = 2*y - 7. Calculate the remainder when f is divided by g(8).
5
Suppose -3*v + 3 = 0, 21*t - v - 26 = 18*t. Suppose 7*c + 40 = t*c. Calculate the remainder when c is divided by 7.
6
Let z(r) = -15*r - 366. Let c = -33 - -103. Let g = c + -35. Calculate the remainder when g is divided by z(-25).
8
Let k(q) = 0*q**2 + 20 - 4*q + 34*q**3 + 11*q**2 + 0*q**2 - 32*q**3. Calculate the remainder when 101 is divided by k(-6).
5
Suppose -3*v - 3138 = -9*v. Let x = v - 439. Suppose -4*n - 2*w = -n - 44, -20 = 4*w. Calculate the remainder when x is divided by n.
12
Let j = 25 + -25. Suppose 5*q - 45 = g, j = -2*g - g. Suppose o - 88 = -o. What is the remainder when o is divided by q?
8
Let g(i) = 6*i + 351. What is the remainder when g(-25) is divided by (-560)/(-12)*-6*4/(-16)?
61
Suppose -j + 2*j = 135. Let z = -163 - -165. Suppose -z*t + 3*f + 41 = 6*f, 5*t + f - j = 0. What is the remainder when 110 is divided by t?
26
Let f(t) = -3*t + 81. Let y be f(26). Suppose r + y = -3*g, -2*g + 3*g = 2*r - 29. Calculate the remainder when 43 is divided by r.
7
Let g = -96165 + 96318. Calculate the remainder when g is divided by -2*1/(-2) + 72.
7
Suppose 9*g - 1464 = 15*g. Let m = g + 248. What is the remainder when 16 is divided by m?
0
Suppose -6*s + 266 - 38 = 0. Calculate the remainder when 125 is divided by s.
11
Suppose 5*r + 10 = 5*v + 15, r = 5*v + 5. Suppose -5*a = 4*x - 137, r = -2*x - 3*a - a + 76. Calculate the remainder when x is divided by 15.
13
Let l(x) = 10*x**2 - 398*x + 99. Calculate the remainder when l(40) is divided by 69.
41
Suppose -5*w - 10 = 0, -8*w = 2*u - 4*w - 18. Calculate the remainder when ((233 + -3)*1)/2 is divided by u.
11
Calculate the remainder when -3 - ((-1268)/16 - -3) - 66/(-88) is divided by 16.
10
Let c(k) = -29*k + 1410. Calculate the remainder when c(7) is divided by 190.
67
Suppose 0 = -2*g + 3*z - 1047, 2*g = 4*z - 6*z - 1032. Let n(h) = h - 8. Let v be n(10). What is the remainder when g*(15/9 - v) is divided by 44?
41
Let u(t) be the first derivative of t**2/2 - 24*t + 24. Let m be u(16). What is the remainder when 4788/51 - 0 - m/68 is divided by 12?
10
Suppose -65 = 2*s - 183. Let o = s + -9. Suppose -2*j = 17*a - 73, 0 = -2*j - 4*a + 5*a + 199. What is the remainder when j is divided by o?
46
Suppose -12*u + 42 = -61*u + 1120. Calculate the remainder when 367 is divided by u.
15
Suppose 0*h - h - 69 = -4*i, -2*h + 2*i = 144. Let l = -44 - h. Suppose 0 = -2*y + 5*y - 24. Calculate the remainder when l is divided by y.
5
Let n = 14226 + -14205. Calculate the remainder when 103 is divided by n.
19
Suppose -d = 2*d - 12, 0 = -3*q - 3*d + 243. Let u = 80 - q. Suppose -u*m + 5*m = 22. Calculate the remainder when 20 is divided by m.
9
Let g(s) = 3*s**3 - 144*s**2 + 10*s - 65. What is the remainder when g(48) is divided by 16?
15
Suppose 0 = b - 2*x - 516, 261 - 1265 = -2*b - 3*x. Suppose b = 6*y + 232. Calculate the remainder when y is divided by 30.
16
Suppose -5*z = -z - 12, 3*p + 2*z + 270 = 0. Let d = -145 - p. Let j = -49 - d. What is the remainder when j is divided by 3?
1
Let j(r) = -16*r + 8*r - r**2 - 10*r + 51. Calculate the remainder when j(-20) is divided by (-15)/6*4/(-5).
1
Let o(t) = t**3 + 8*t**2 - 31*t - 207. Calculate the remainder when 1000 is divided by o(-7).
56
Let v(f) = -7*f - 100. Calculate the remainder when v(-21) is divided by 18.
11
What is the remainder when 1143 is divided by (155/186)/((-5)/(-63))*2?
9
Let x = 590 + -581. Let u(v) be the second derivative of 5*v**4/12 - v**3/3 - v**2 - 4*v. What is the remainder when u(2) is divided by x?
5
Let w be ((-69340)/(-25) - 5) + 8/20. Suppose 39*s - 26*s = w. What is the remainder when s is divided by 107?
106
Let n = 42964 + -42492. Calculate the remainder when n is divided by 457.
15
Suppose -142*o - 288 = -151*o. What is the remainder when 195 is divided by o?
3
Let b(z) = 19*z**2 + z - 2. Let c be b(-1). Let w = 0 + -5. Let k = w + c. What is the remainder when 54 is divided by k?
10
Let h(z) = z**3 + z**2 - z + 5. Let g be h(-3). What is the remainder when 165 is divided by (-202)/g - (8 + (-308)/35)?
18
Let d(i) = -i**2 - 15*i - 47. Let h = 428 - 434. What is the remainder when 40 is divided by d(h)?
5
Suppose -1480 = -7*l + 361. Let z = 286 - l. Calculate the remainder when 133 is divided by z.
18
Let t(x) = x + 75. Suppose -7*q - 11*q + 14*q = -3*y + 15, -39 = -3*y. Calculate the remainder when t(0) is divided by q.
3
Let v(w) = -116*w - 13. Let m be v(1). Let x = 199 + m. Let r(j) = -j**2 - 11*j + 12. What is the remainder when x is divided by r(-11)?
10
Let j(u) = 11*u - 103. Let q(a) = a**3 + 3*a**2 - 4*a - 2. Let f be q(-3). What is the remainder when ((-33)/6)/((-2)/12) is divided by j(f)?
5
Suppose -2*u + 488 = 2*q, -22*u + 18*u - 5*q = -972. What is the remainder when u is divided by 242?
6
Suppose -19*t + 421 + 415 = 0. Suppose -33*v - 363 = -t*v. Calculate the remainder when 58 is divided by v.
25
Let j = 86 + -168. Let d = 85 + j. Suppose -5*b - 94 = -d*f, -3*f + 4*b + 135 = 2*f. Calculate the remainder when 88 is divided by f.
19
Suppose -g - 427 = -3*k + 349, -3*g = -2*k + 529. W